= 23. Suppose -4*a = -i*r + 79 + 45, -4*a - 340 = -5*r. What is the tens digit of r?
7
Suppose 4*a - 4*i - 6 = -2*i, 0 = a + 3*i - 5. Let j(z) = -1 + 2*z**2 - 2*z**a + z**2 + 3*z + z. What is the units digit of j(-7)?
0
Let y(r) = -r**2 + 8*r + 8. Let f be y(9). Let c be (2/5)/(f/(-5)). Suppose -c*u = -o + 3*o - 38, -37 = -3*o + 2*u. What is the units digit of o?
5
Suppose -2*v - 1224 = -0*q - 5*q, -2*v = -6. What is the hundreds digit of q?
2
What is the units digit of 174/(((-3)/6 + 2)/6)?
6
Let y = 29 - 33. Let p(t) = 8*t**2 - 12. What is the tens digit of p(y)?
1
Suppose 0 = 4*i - 2608 - 148. What is the hundreds digit of i?
6
Let x = -2 + 4. Suppose 5*d = -10*f + 5*f - 70, 0 = 3*d - x*f + 22. Let q(y) = -y**3 - 10*y**2 - 6*y - 1. What is the tens digit of q(d)?
5
Suppose -16*o = -12*o. Suppose 3*s + 5 - 29 = o. Let q(b) = 9*b - 9. What is the tens digit of q(s)?
6
Let l be (-4)/10*(13 - 3). What is the tens digit of 29 + 6 + l/(-2)?
3
Let f be 3*1 + (7 - 9). Suppose -t - 2*c - f = -5, 0 = -t - 3*c + 8. What is the tens digit of 4*t/(-16)*17?
1
Let o(j) = j**3 - 4*j**2 - 7*j. Let u(h) = -2*h**3 + 8*h**2 + 15*h - 1. Let f(b) = 7*o(b) + 4*u(b). Let y be f(6). Let m = y - -26. What is the tens digit of m?
1
Let m(k) be the third derivative of k**5/4 + k**4/4 - 13*k**3/6 - 25*k**2. What is the tens digit of m(2)?
5
Let j = -1 - 0. Suppose -70 + 70 = 6*r. Let g = r - j. What is the units digit of g?
1
Let u be 52/14 - (-4)/14. Let o be (-2)/(-3) - (70/(-21) - 6). Suppose 3*s - d = 26, -u*d + 2*d - o = 0. What is the units digit of s?
7
Suppose 26*t - 24*t - 784 = 0. Suppose -t = 4*v + 5*c, -3*v = -6*v + 4*c - 263. Let o = v - -151. What is the tens digit of o?
5
Suppose -q + 4*q = -69. Let s = 18 - -8. Let k = q + s. What is the units digit of k?
3
Let t = 51 - 47. Suppose 0*b + 4*b = 5*v + 393, 363 = t*b + v. What is the tens digit of b?
9
Suppose 0*x - 14 = -2*p - 2*x, -2*p + 2*x = 6. Suppose 2*o - 172 = g, -86 = -0*o - o + p*g. What is the tens digit of o?
8
Suppose 0*k - 4*k - 4*g = -2584, 2*g = -3*k + 1943. What is the tens digit of k?
5
Let f(z) = -50*z + 8. What is the thousands digit of f(-30)?
1
Let h be ((-2)/(-1) - 19) + 4. Let l = h - -91. What is the units digit of l?
8
Let x(b) = 4*b**2 - 11*b - 8. Let r be x(-5). Suppose 3*v + r = 10*v. What is the tens digit of v?
2
Let x = -109 + 101. Let h = -113 - -67. Let q = x - h. What is the units digit of q?
8
What is the units digit of 2/(10/15)*(-175)/(-15)?
5
Let c = -45 - -130. Let q = c - -14. What is the tens digit of q?
9
Suppose -r - 1 = p, 5*r + 29 = p - 0. What is the units digit of r/(-10) + 37/2?
9
Let f be (-4)/(-6) - (-14)/6. Suppose -k = f*k. Suppose k = c - 0*c - 13. What is the units digit of c?
3
Let c(r) = 102*r - 29. What is the units digit of c(4)?
9
Suppose -8*x + 208 = -0*x. What is the units digit of x?
6
Let d = 17 - 17. Suppose -76 = -d*n - n. Suppose 0 = 5*h - n + 11. What is the units digit of h?
3
Let m(o) = o**2 + 9*o - 11. Let d(j) = j**3 - 6*j**2 - 2*j + 2. Let k be d(6). Let a be m(k). What is the units digit of (a/(-3))/(1/81)?
7
Let l be 130 - (-15)/(-5) - -2. Suppose -5*i = -2*g + l + 29, -5*i = 0. What is the tens digit of g?
7
Let s be (4 - (4 - 6/7))*-7. What is the hundreds digit of (-18)/27 - 1960/s?
3
Let r = 1694 - 858. What is the tens digit of r?
3
Let v = -6 - -3. What is the units digit of 2 + v + 6*1?
5
What is the hundreds digit of 11436/(-20)*(-80)/24?
9
Suppose 0 = 5*t - 5, a = 4*a + 4*t - 19. Suppose -15 = a*w, -5*w - 30 = 2*r - 205. What is the tens digit of r?
9
What is the tens digit of (1592/6 + 6)*3?
1
Suppose 4*d + 5*n = 14, n = 1 + 1. Let q be (-4)/4 - 44*d. Let y = q + 67. What is the units digit of y?
2
Suppose 220 - 20 = 4*m. What is the units digit of m?
0
Suppose 0 = -o - 3 + 33. What is the units digit of 1910/o + (-1)/(-3)?
4
Let b(l) = 15*l + 4. Let h be b(7). Suppose 3*g - 17 - h = 0. What is the units digit of g?
2
Suppose 0 = -3*v - 2*v. What is the tens digit of (-1 + 273)/4 + v?
6
Suppose -159*h - 408 = -165*h. What is the tens digit of h?
6
Let g(q) be the third derivative of 43*q**5/60 + q**4/6 + q**3/3 + 2*q**2. What is the units digit of g(-1)?
1
Let d(a) = 28*a**2 - 22*a - 127. What is the tens digit of d(15)?
4
Let w = 886 - 307. What is the units digit of w?
9
Suppose f + 2*c = -7 + 2, -4*f = -2*c - 20. What is the units digit of (567 - f)/4*1?
1
Suppose -2*w + 4*g - 12 = 8, w + g - 2 = 0. Let r(y) = -6*y**3 + y**2 - 4. What is the units digit of r(w)?
8
Let d(o) = -58*o - 4. Let a be d(-2). Let g = a - -133. Suppose r + 10*u = 5*u + 49, 4*u = 5*r - g. What is the tens digit of r?
4
Let z be (-11 - 3 - (-1 + -3))*1. What is the tens digit of (-92)/z*(3 + 7 + 0)?
9
Let c(m) = -4 - m**2 + 21*m + 1 + 2*m - 4. What is the units digit of c(13)?
3
Suppose a - 599 - 383 = 0. Suppose -3*w + 765 - 42 = 3*v, -2*v - a = -4*w. What is the hundreds digit of w?
2
Let l(h) be the second derivative of h**4/6 + 4*h**3 - 13*h**2/2 - 10*h. What is the tens digit of l(-16)?
1
Let w(o) = 22*o + 24. Let q be w(-12). Let b = q + 152. Let k = -50 - b. What is the units digit of k?
8
What is the tens digit of (676/13)/(-13)*(-1787)/4?
8
Let s = -71 + 59. What is the hundreds digit of (-8)/s + (-847)/(-3)?
2
Let u(m) = 5*m**2 + 4*m - 1. Let l be u(3). Suppose 2120 + 1140 = 20*g. Suppose 4*q = 3*d - 0*q - g, -d + q = -l. What is the units digit of d?
1
Let f(n) = n. Let q(c) = 48*c + 8. Let d(y) = -176*f(y) + 4*q(y). What is the hundreds digit of d(6)?
1
Let k(s) be the second derivative of 1/10*s**5 - s**2 - 1/3*s**4 + 2*s + 1/3*s**3 + 0. What is the tens digit of k(3)?
2
Let r = 26 + -17. What is the hundreds digit of -107*(r/18)/(2/(-4))?
1
Suppose 168 = -5*q + 2*q. Let f = -22 - q. What is the tens digit of f?
3
Let y(z) = -z**2 - 3*z + 13. Let o be y(-5). Suppose -2*x + 171 = 5*b - x, -121 = -o*b + 4*x. What is the tens digit of b?
3
Let f = 2099 - -767. What is the hundreds digit of f?
8
Suppose -4 = 2*t, 3*x + 12*t = 10*t + 4745. What is the thousands digit of x?
1
Let g(s) = -s**3 + 3*s**2 + 8*s - 9. Let k be g(4). Let o(x) = x**3 - 7*x**2 + 2*x - 6. What is the units digit of o(k)?
8
Let h(g) = 253*g - 302. What is the units digit of h(11)?
1
Let l be (48/9)/((-6)/(-9)). Let c(x) = x**2 + 9*x - 21. What is the hundreds digit of c(l)?
1
Let l = 1737 - 727. What is the hundreds digit of l?
0
Suppose 0 = 52*s - 55*s + 1434. What is the tens digit of s?
7
Suppose 0 = 2*f + 4*i - 14, 2*i - 4 = -3*f + 1. What is the tens digit of ((-247)/3 + f)*(-36)/15?
0
Suppose 2*n - 4332 = -4*h, -5*n + 30*h - 32*h + 10862 = 0. What is the tens digit of n?
7
Suppose -3*j = -6*c + 3*c - 156, 0 = -5*c - 15. Let f = 24 + j. What is the units digit of f?
3
Suppose 2*j - 2*z - 608 = 0, -4*j - 5*z = -918 - 325. Let y = -146 + j. What is the hundreds digit of y?
1
Suppose 151878 = 55*a + 3708. What is the hundreds digit of a?
6
Suppose -3*n - 1601 + 4670 = 0. What is the thousands digit of n?
1
Let y(i) = 16*i**2 + 7*i + 8. Let m be (-10)/4 - (3/(-2) + 2). What is the units digit of y(m)?
1
What is the tens digit of -65 + 64 + (-2 - -660)?
5
Let u be (136/12)/(1/(-3)). Let t = u + 61. What is the units digit of t?
7
What is the tens digit of 3 - (80 + 3)*-6 - 0?
0
Suppose -j + 3*x + 11 = 3*j, 4 = j - 2*x. Suppose -2 = l - 4. Let c = j + l. What is the units digit of c?
4
Suppose -5*l - d + 25 = 0, 4*l - 20 = -d + 2*d. Let i(w) = -2*w**2 - 5*w + 7. Let z be i(l). Let k = 100 + z. What is the units digit of k?
2
Let f(w) = 2*w**3 - 2*w**2. Let d = -15 + 18. Suppose -9 = -4*j + d. What is the tens digit of f(j)?
3
What is the thousands digit of 14392/(-294)*-114 - (-8)/(-14)?
5
Let q = 1466 + -227. What is the thousands digit of q?
1
Suppose 0 = -z + 91 + 15. Suppose -2*v = s - 0*s - z, 2*v - s = 102. Suppose 4*x - v = -0*x. What is the tens digit of x?
1
Suppose 0*f = -f + 16. Let b = f + -14. Suppose 58 = b*m + 3*y, -y - 4*y + 66 = 2*m. What is the units digit of m?
3
Let x(s) = 889*s - 56. What is the units digit of x(3)?
1
Suppose 935*t = 942*t - 9905. What is the hundreds digit of t?
4
Suppose -21*i = -20*i - 66. What is the units digit of i?
6
What is the units digit of (-1664)/(-10 + (15 - 6))?
4
Suppose 49 = 5*t - 111. Suppose 4*a = -4, 5*a + 3